{"id":267,"date":"2022-10-21T14:55:35","date_gmt":"2022-10-21T14:55:35","guid":{"rendered":"https:\/\/fagk.de\/?page_id=267"},"modified":"2026-03-13T10:14:38","modified_gmt":"2026-03-13T10:14:38","slug":"praesidium","status":"publish","type":"page","link":"https:\/\/fagk.de\/?page_id=267","title":{"rendered":"Pr\u00e4sidium"},"content":{"rendered":"\n<p class=\"has-text-align-left\">des Festausschuss Godesberger Karneval<\/p>\n\n\n\n<p><\/p>\n\n\n\n<div class=\"wp-block-columns is-layout-flex wp-container-core-columns-is-layout-28f84493 wp-block-columns-is-layout-flex\">\n<div class=\"wp-block-column is-layout-flow wp-block-column-is-layout-flow\">\n<p class=\"has-text-align-center\"><strong>Ralph Eisenstein<\/strong><br><em>Pr\u00e4sident<\/em><br><a href=\"mailto:praesident@fagk.de\">praesident@fagk.de<\/a><\/p>\n<\/div>\n<\/div>\n\n\n\n<div class=\"wp-block-columns is-layout-flex wp-container-core-columns-is-layout-28f84493 wp-block-columns-is-layout-flex\">\n<div class=\"wp-block-column is-layout-flow wp-block-column-is-layout-flow\">\n<p class=\"has-text-align-center\"><strong>Frank Nussbaum<\/strong><br><em>Vizepr\u00e4sident<\/em><br><a href=\"mailto:frank.nussbaum@fagk.de\">frank.nussbaum@fagk.de<\/a><\/p>\n<\/div>\n\n\n\n<div class=\"wp-block-column is-layout-flow wp-block-column-is-layout-flow\">\n<p class=\"has-text-align-center\"><strong>Thomas Heinzen<\/strong><br><em>Vizepr\u00e4sident<\/em><br><a href=\"mailto:thomas.heinzen@fagk.de\">thomas.heinzen@fagk.de<\/a><\/p>\n<\/div>\n<\/div>\n\n\n\n<div class=\"wp-block-columns is-layout-flex wp-container-core-columns-is-layout-28f84493 wp-block-columns-is-layout-flex\">\n<div class=\"wp-block-column is-layout-flow wp-block-column-is-layout-flow\">\n<p class=\"has-text-align-center\"><strong>Thomas Jobst<\/strong><br><em>Schatzmeister<\/em><br><a href=\"mailto:schatzmeister@fagk.de\">schatzmeister@fagk.de<\/a><\/p>\n<\/div>\n\n\n\n<div class=\"wp-block-column is-layout-flow wp-block-column-is-layout-flow\">\n<p class=\"has-text-align-center\"><strong>Alexandra Theisen<\/strong><br><em>Gesch\u00e4ftsf\u00fchrerin<\/em><br><a href=\"mailto:alexandra.theisen@fagk.de\">alexandra.theisen@fagk.de<\/a><\/p>\n<\/div>\n<\/div>\n\n\n\n<p class=\"has-text-align-center\"><\/p>\n\n\n\n<div class=\"wp-block-columns is-layout-flex wp-container-core-columns-is-layout-28f84493 wp-block-columns-is-layout-flex\">\n<div class=\"wp-block-column is-layout-flow wp-block-column-is-layout-flow\">\n<p class=\"has-text-align-center\"><strong>N.N.<\/strong><br><em>Schriftf\u00fchrung<\/em><br><a href=\"mailto:info@fagk.de\">info@fagk.de<\/a><\/p>\n\n\n\n<p class=\"has-text-align-center\"><strong>Alfred Schmelzeisen<\/strong><br><em>Presse &amp; \u00d6ffenlichkeitsarbeit<\/em><br><a href=\"mailto:alfred.schmelzeisen@fagk.de\">alfred.schmelzeisen@fagk.de<\/a><\/p>\n\n\n\n<p class=\"has-text-align-center\"><strong>Andreas von Fricken<\/strong><br><em>Zugleiter<br><\/em><a href=\"mailto:andreas.vonfricken@fagk.de\">andreas.vonfricken@fagk.de<\/a><br><\/p>\n<\/div>\n\n\n\n<div class=\"wp-block-column is-layout-flow wp-block-column-is-layout-flow\">\n<p class=\"has-text-align-center\"><strong>Sandra Wax<\/strong><br><em>Jugendbeauftragte<\/em><br><a href=\"mailto:sandra.wax@fagk.de\">sandra.wax@fagk.de<\/a><\/p>\n\n\n\n<p class=\"has-text-align-center\"><strong>Ludwig Gassen<\/strong><br><em>Haus- und Sachverwalter<br><\/em><a href=\"mailto: ludwig.gassen@fagk.de\">ludwig.gassen@fagk.de<\/a><\/p>\n\n\n\n<p class=\"has-text-align-center\"><strong>Bj\u00f6rn Fischer<\/strong><br><em>Stv. Zugleiter<br><\/em><a href=\"mailto: bjoern.fischer@fagk.de\">bjoern.fischer@fagk.de<\/a><\/p>\n\n\n\n<p class=\"has-text-align-center\"><\/p>\n<\/div>\n<\/div>\n\n\n\n<div class=\"wp-block-columns is-layout-flex wp-container-core-columns-is-layout-28f84493 wp-block-columns-is-layout-flex\">\n<div class=\"wp-block-column is-layout-flow wp-block-column-is-layout-flow\">\n<p class=\"has-text-align-center\"><strong>Peter Kittler<\/strong><br><em>Beisitzer<br><\/em><a href=\"mailto:peter.kittler@fagk.de\">peter.kittler@fagk.de<\/a><\/p>\n<\/div>\n\n\n\n<div class=\"wp-block-column is-layout-flow wp-block-column-is-layout-flow\">\n<p class=\"has-text-align-center\"><strong>Rosi Aretz<\/strong><br><em>Beisitzerin<\/em><br><a href=\"mailto:rosi.aretz@fagk.de\">rosi.aretz@fagk.de<\/a><\/p>\n<\/div>\n\n\n\n<div class=\"wp-block-column is-vertically-aligned-top is-layout-flow wp-block-column-is-layout-flow\">\n<p class=\"has-text-align-center\"><strong>Dieter Nussbaum<\/strong><br><em>Beisitzer<\/em> \/ <em>Literat<\/em><br><a href=\"mailto: dieter.nussbaum@fagk.de\">dieter.nussbaum@fagk.de<\/a><\/p>\n<\/div>\n<\/div>\n\n\n\n<div class=\"wp-block-columns is-layout-flex wp-container-core-columns-is-layout-28f84493 wp-block-columns-is-layout-flex\">\n<div class=\"wp-block-column is-layout-flow wp-block-column-is-layout-flow\">\n<p class=\"has-text-align-center\"><strong>Michael Krupp<\/strong><br><em>Beisitzer<\/em><br><a href=\"mailto:michael.krupp@fagk.de\">michael.krupp@fagk.de<\/a><\/p>\n<\/div>\n\n\n\n<div class=\"wp-block-column is-layout-flow wp-block-column-is-layout-flow\">\n<p class=\"has-text-align-center\"><strong>Ralf Fischer<br><\/strong><em>Beisitzer<\/em><strong><br><\/strong><a href=\"mailto:ralf.fischer@fagk.de\">ralf.fischer@fagk.de<\/a><\/p>\n<\/div>\n<\/div>\n\n\n\n<p><\/p>\n","protected":false},"excerpt":{"rendered":"<p>des Festausschuss Godesberger Karneval Ralph EisensteinPr\u00e4sidentpraesident@fagk.de Frank NussbaumVizepr\u00e4sidentfrank.nussbaum@fagk.de Thomas HeinzenVizepr\u00e4sidentthomas.heinzen@fagk.de Thomas JobstSchatzmeisterschatzmeister@fagk.de Alexandra TheisenGesch\u00e4ftsf\u00fchrerinalexandra.theisen@fagk.de N.N.Schriftf\u00fchrunginfo@fagk.de Alfred SchmelzeisenPresse &amp; \u00d6ffenlichkeitsarbeitalfred.schmelzeisen@fagk.de Andreas von FrickenZugleiterandreas.vonfricken@fagk.de [&hellip;]<\/p>\n","protected":false},"author":1,"featured_media":0,"parent":0,"menu_order":0,"comment_status":"closed","ping_status":"closed","template":"","meta":{"footnotes":""},"class_list":["post-267","page","type-page","status-publish","hentry"],"jetpack_sharing_enabled":true,"_links":{"self":[{"href":"https:\/\/fagk.de\/index.php?rest_route=\/wp\/v2\/pages\/267","targetHints":{"allow":["GET"]}}],"collection":[{"href":"https:\/\/fagk.de\/index.php?rest_route=\/wp\/v2\/pages"}],"about":[{"href":"https:\/\/fagk.de\/index.php?rest_route=\/wp\/v2\/types\/page"}],"author":[{"embeddable":true,"href":"https:\/\/fagk.de\/index.php?rest_route=\/wp\/v2\/users\/1"}],"replies":[{"embeddable":true,"href":"https:\/\/fagk.de\/index.php?rest_route=%2Fwp%2Fv2%2Fcomments&post=267"}],"version-history":[{"count":21,"href":"https:\/\/fagk.de\/index.php?rest_route=\/wp\/v2\/pages\/267\/revisions"}],"predecessor-version":[{"id":1322,"href":"https:\/\/fagk.de\/index.php?rest_route=\/wp\/v2\/pages\/267\/revisions\/1322"}],"wp:attachment":[{"href":"https:\/\/fagk.de\/index.php?rest_route=%2Fwp%2Fv2%2Fmedia&parent=267"}],"curies":[{"name":"wp","href":"https:\/\/api.w.org\/{rel}","templated":true}]}}