{"id":197,"date":"2022-10-16T17:45:09","date_gmt":"2022-10-16T17:45:09","guid":{"rendered":"https:\/\/fagk.de\/?page_id=197"},"modified":"2026-01-12T19:45:29","modified_gmt":"2026-01-12T19:45:29","slug":"ehrungen","status":"publish","type":"page","link":"https:\/\/fagk.de\/?page_id=197","title":{"rendered":"Ehrungen im Festausschuss Godesberger Karneval"},"content":{"rendered":"\n<h2 class=\"wp-block-heading\">Ehrenmitglieder<\/h2>\n\n\n\n<p>Peter Bl\u00e4ser \u2020<\/p>\n\n\n\n<p><\/p>\n\n\n\n<p><\/p>\n\n\n\n<h2 class=\"wp-block-heading\">Ehrenvorstandsmitglieder<\/h2>\n\n\n\n<p>Norbert Hauser<\/p>\n\n\n\n<p>Karl-Heinz Michels<\/p>\n\n\n\n<p><\/p>\n\n\n\n<p><\/p>\n\n\n\n<h2 class=\"wp-block-heading\">Tr\u00e4ger der goldenen Pritsche<\/h2>\n\n\n\n<p>Die goldene Pritsche kann auf Antrag f\u00fcr<\/p>\n\n\n\n<ul class=\"wp-block-list\">\n<li>mindestens 11 j\u00e4hrige T\u00e4tigkeit im gesch\u00e4ftsf\u00fchrenden Pr\u00e4sidium<\/li>\n\n\n\n<li>mindestens 15 j\u00e4hrige ununterbrochene T\u00e4tigkeit im Gesamtpr\u00e4sidium<\/li>\n\n\n\n<li>mindestens 25 j\u00e4hrigen Zugeh\u00f6rigkeit zum Vorstand<\/li>\n\n\n\n<li>mindestens 40 j\u00e4hrige Zugeh\u00f6rigkeit zur Mitgliederversammlung<\/li>\n<\/ul>\n\n\n\n<p>an aktive Mitglieder im Festausschuss Godesberger Karneval e.V. verliehen werden.<\/p>\n\n\n\n<p><\/p>\n\n\n\n<p><strong>Tr\u00e4ger der goldenen Pritsche (mit Verleihungsjahr)<\/strong><\/p>\n\n\n\n<div class=\"wp-block-columns is-layout-flex wp-container-core-columns-is-layout-28f84493 wp-block-columns-is-layout-flex\">\n<div class=\"wp-block-column is-layout-flow wp-block-column-is-layout-flow\">\n<ul class=\"wp-block-list\">\n<li>1965 Artur Bublitz \u2020<\/li>\n\n\n\n<li>1968 Willi Werth \u2020<\/li>\n\n\n\n<li>1969 Karl Vormann \u2020<\/li>\n\n\n\n<li>1972 Fred Friedmeyer \u2020<\/li>\n\n\n\n<li>1972 Hubert Peter \u2020<\/li>\n\n\n\n<li>1972 Erwin Baldauf \u2020<\/li>\n\n\n\n<li>1972 Gertrud Banascewictz \u2020<\/li>\n\n\n\n<li>1973 Paul Wingarz \u2020<\/li>\n\n\n\n<li>1973 Elisabeth Hartlief \u2020<\/li>\n\n\n\n<li>1974 Willi Koch \u2020<\/li>\n\n\n\n<li>1974 Karl Heinz Bettag \u2020<\/li>\n\n\n\n<li>1975 Peter Bl\u00e4ser \u2020<\/li>\n\n\n\n<li>1976 Loni Beerendonk \u2020<\/li>\n\n\n\n<li>1976 Willi Hochappel \u2020<\/li>\n\n\n\n<li>1976 Ferdinand Anders \u2020<\/li>\n<\/ul>\n<\/div>\n\n\n\n<div class=\"wp-block-column is-layout-flow wp-block-column-is-layout-flow\">\n<ul class=\"wp-block-list\">\n<li>1979 Josef Wessel \u2020<\/li>\n\n\n\n<li>1979 Edmund Schickenberg \u2020<\/li>\n\n\n\n<li>1984 Norbert Hauser<\/li>\n\n\n\n<li>1984 Karl Heinz Michels<\/li>\n\n\n\n<li>1985 Karl Heinz Schlickum<\/li>\n\n\n\n<li>1985 Gitte Krause<\/li>\n\n\n\n<li>1986 Apolinar Elsen \u2020<\/li>\n\n\n\n<li>1991 Horst Effelsberg<\/li>\n\n\n\n<li>1998 Fritz Dreesen<\/li>\n\n\n\n<li>2000 Walter Vianden \u2020<\/li>\n\n\n\n<li>2000 Rosemarie Schrottka \u2020<\/li>\n\n\n\n<li>2010 Peter Kittler<\/li>\n\n\n\n<li>2017 Dieter Nussbaum<\/li>\n\n\n\n<li>2022 Armin Weins<\/li>\n\n\n\n<li>2026 Armin Lubig<\/li>\n<\/ul>\n<\/div>\n<\/div>\n","protected":false},"excerpt":{"rendered":"<p>Ehrenmitglieder Peter Bl\u00e4ser \u2020 Ehrenvorstandsmitglieder Norbert Hauser Karl-Heinz Michels Tr\u00e4ger der goldenen Pritsche Die goldene Pritsche kann auf Antrag f\u00fcr an aktive [&hellip;]<\/p>\n","protected":false},"author":1,"featured_media":0,"parent":0,"menu_order":0,"comment_status":"closed","ping_status":"closed","template":"","meta":{"footnotes":""},"class_list":["post-197","page","type-page","status-publish","hentry"],"jetpack_sharing_enabled":true,"_links":{"self":[{"href":"https:\/\/fagk.de\/index.php?rest_route=\/wp\/v2\/pages\/197","targetHints":{"allow":["GET"]}}],"collection":[{"href":"https:\/\/fagk.de\/index.php?rest_route=\/wp\/v2\/pages"}],"about":[{"href":"https:\/\/fagk.de\/index.php?rest_route=\/wp\/v2\/types\/page"}],"author":[{"embeddable":true,"href":"https:\/\/fagk.de\/index.php?rest_route=\/wp\/v2\/users\/1"}],"replies":[{"embeddable":true,"href":"https:\/\/fagk.de\/index.php?rest_route=%2Fwp%2Fv2%2Fcomments&post=197"}],"version-history":[{"count":9,"href":"https:\/\/fagk.de\/index.php?rest_route=\/wp\/v2\/pages\/197\/revisions"}],"predecessor-version":[{"id":1208,"href":"https:\/\/fagk.de\/index.php?rest_route=\/wp\/v2\/pages\/197\/revisions\/1208"}],"wp:attachment":[{"href":"https:\/\/fagk.de\/index.php?rest_route=%2Fwp%2Fv2%2Fmedia&parent=197"}],"curies":[{"name":"wp","href":"https:\/\/api.w.org\/{rel}","templated":true}]}}

<h2 class="wp-block-heading">Ehrenmitglieder</h2>



<p>Peter Bläser †</p>



<p></p>



<p></p>



<h2 class="wp-block-heading">Ehrenvorstandsmitglieder</h2>



<p>Norbert Hauser</p>



<p>Karl-Heinz Michels</p>



<p></p>



<p></p>



<h2 class="wp-block-heading">Träger der goldenen Pritsche</h2>



<p>Die goldene Pritsche kann auf Antrag für</p>



<ul class="wp-block-list">
<li>mindestens 11 jährige Tätigkeit im geschäftsführenden Präsidium</li>



<li>mindestens 15 jährige ununterbrochene Tätigkeit im Gesamtpräsidium</li>



<li>mindestens 25 jährigen Zugehörigkeit zum Vorstand</li>



<li>mindestens 40 jährige Zugehörigkeit zur Mitgliederversammlung</li>
</ul>



<p>an aktive Mitglieder im Festausschuss Godesberger Karneval e.V. verliehen werden.</p>



<p></p>



<p><strong>Träger der goldenen Pritsche (mit Verleihungsjahr)</strong></p>



<div class="wp-block-columns is-layout-flex wp-container-core-columns-is-layout-28f84493 wp-block-columns-is-layout-flex">
<div class="wp-block-column is-layout-flow wp-block-column-is-layout-flow">
<ul class="wp-block-list">
<li>1965 Artur Bublitz †</li>



<li>1968 Willi Werth †</li>



<li>1969 Karl Vormann †</li>



<li>1972 Fred Friedmeyer †</li>



<li>1972 Hubert Peter †</li>



<li>1972 Erwin Baldauf †</li>



<li>1972 Gertrud Banascewictz †</li>



<li>1973 Paul Wingarz †</li>



<li>1973 Elisabeth Hartlief †</li>



<li>1974 Willi Koch †</li>



<li>1974 Karl Heinz Bettag †</li>



<li>1975 Peter Bläser †</li>



<li>1976 Loni Beerendonk †</li>



<li>1976 Willi Hochappel †</li>



<li>1976 Ferdinand Anders †</li>
</ul>
</div>



<div class="wp-block-column is-layout-flow wp-block-column-is-layout-flow">
<ul class="wp-block-list">
<li>1979 Josef Wessel †</li>



<li>1979 Edmund Schickenberg †</li>



<li>1984 Norbert Hauser</li>



<li>1984 Karl Heinz Michels</li>



<li>1985 Karl Heinz Schlickum</li>



<li>1985 Gitte Krause</li>



<li>1986 Apolinar Elsen †</li>



<li>1991 Horst Effelsberg</li>



<li>1998 Fritz Dreesen</li>



<li>2000 Walter Vianden †</li>



<li>2000 Rosemarie Schrottka †</li>



<li>2010 Peter Kittler</li>



<li>2017 Dieter Nussbaum</li>



<li>2022 Armin Weins</li>



<li>2026 Armin Lubig</li>
</ul>
</div>
</div>

<p>Ehrenmitglieder Peter Bläser † Ehrenvorstandsmitglieder Norbert Hauser Karl-Heinz Michels Träger der goldenen Pritsche Die goldene Pritsche kann auf Antrag für an aktive [&hellip;]</p>
