{"id":139,"date":"2022-10-04T20:23:43","date_gmt":"2022-10-04T20:23:43","guid":{"rendered":"https:\/\/fagk.de\/?page_id=139"},"modified":"2026-03-13T10:28:19","modified_gmt":"2026-03-13T10:28:19","slug":"kinderprinzenpaare","status":"publish","type":"page","link":"https:\/\/fagk.de\/?page_id=139","title":{"rendered":"Kinderprinzenpaare"},"content":{"rendered":"\n<p>M\u00f6chten Sie vom amtierenden Kinderprinzenpaar w\u00e4hrend der Session besucht werden, versuchen wir das gerne zu erm\u00f6glichen. Um einen Besuch des Bad Godesberger Kinderprinzenpaares zu buchen, wenden Sie sich bitte an info@fagk.de.<\/p>\n\n\n\n<figure class=\"wp-block-table\"><table><tbody><tr><td><strong>Jahr<\/strong><\/td><td><strong>Kinderprinz<\/strong><\/td><td><strong>Kindergodesia<\/strong><\/td><\/tr><tr><td>1937<\/td><td>Karl-Heinz I. Bettag<\/td><td>ohne Godesia<\/td><\/tr><tr><td>1957<\/td><td>Karl I. Bauer<\/td><td>ohne Godesia<\/td><\/tr><tr><td>1964<\/td><td>Martin I.<\/td><td>Ursula Vianden<\/td><\/tr><tr><td>1968<\/td><td>Peter I. K\u00fcpper<\/td><td>Marion Heinen<\/td><\/tr><tr><td>1983<\/td><td>Marco I. Hertz<\/td><td>Gesine Regner<\/td><\/tr><tr><td>1984<\/td><td>Axel I. Gutschmidt<\/td><td>Anja Rausch<\/td><\/tr><tr><td>1985<\/td><td>Peer I. Fleischauer<\/td><td>Bianca Krebs<\/td><\/tr><tr><td>1986<\/td><td>Mark I. Arenz<\/td><td>Irmgard Lamm<\/td><\/tr><tr><td>1990<\/td><td>Dominik I. Brand<\/td><td>Sandra Brand<\/td><\/tr><tr><td>1991<\/td><td>Thorsten I. Flink<\/td><td>Margit R\u00f6mer<\/td><\/tr><tr><td>1992<\/td><td>Thorsten I. Flink<\/td><td>Margit R\u00f6mer<\/td><\/tr><tr><td>1993<\/td><td>Tobias I. Brand<\/td><td>Christina Raditzky<\/td><\/tr><tr><td>1994<\/td><td>Philip I. Blumenthal<\/td><td>Tamara Theisen<\/td><\/tr><tr><td>1995<\/td><td>Jan I. Horn<\/td><td>Jennifer Koll<\/td><\/tr><tr><td>1996<\/td><td>Christian I. Weiermann<\/td><td>Jaqueline Kratz<\/td><\/tr><tr><td>1997<\/td><td>Sebastian I. E\u00dfer<\/td><td>Sandra Wax<\/td><\/tr><tr><td>1998<\/td><td>Daniel I. Theisen<\/td><td>Annika Geub<\/td><\/tr><tr><td>1999<\/td><td>Thilo I. Hoffmann<\/td><td>Cornelia Kirchner<\/td><\/tr><tr><td>2000<\/td><td>David I. Heuser<\/td><td>Catharina Necke<\/td><\/tr><tr><td>2001<\/td><td>Heiko I. Schmitz<\/td><td>Julia Auel<\/td><\/tr><tr><td>2003<\/td><td>Nils I. Heck<\/td><td>Bianca Heck<\/td><\/tr><tr><td>2004<\/td><td>Mirko I. Gassen<\/td><td>Alina Willim<\/td><\/tr><tr><td>2005<\/td><td>Christian II. Forster<\/td><td>Cathi Koli\u00e9<\/td><\/tr><tr><td>2006<\/td><td>Max I. Sieger<\/td><td>Alina Kowalski<\/td><\/tr><tr><td>2007<\/td><td>Max II. Hatwiger<\/td><td>Katharina Michel<\/td><\/tr><tr><td>2008<\/td><td>Fabian I. Meinertzhagen<\/td><td>Carina Notzon<\/td><\/tr><tr><td>2009<\/td><td>Tobias II. Schwingen<\/td><td>Christina Wegner<\/td><\/tr><tr><td>2010<\/td><td>Younes I. Nekhili<\/td><td>Yara Nekhili<\/td><\/tr><tr><td>2011<\/td><td>Dennis I. Schmitt<\/td><td>Julia Sieger<\/td><\/tr><tr><td>2012<\/td><td>Till I. Klingelh\u00f6fer<\/td><td>Lisa Marie Ruhnau<\/td><\/tr><tr><td>2013<\/td><td>Jannick I. Bauer<\/td><td>Lena Marie Burzlaff<\/td><\/tr><tr><td>2014<\/td><td>Jan II. Schmitt<\/td><td>Lena Sch\u00fcller<\/td><\/tr><tr><td>2015<\/td><td>Janus I. Orts<\/td><td>Lea Sch\u00e4fer<\/td><\/tr><tr><td>2016<\/td><td>Jan III. Weber<\/td><td>Charlotte Wegner<\/td><\/tr><tr><td>2017<\/td><td>Nico. I Hatwiger<\/td><td>Ana Gonzalez<\/td><\/tr><tr><td>2018<\/td><td>Benedikt I. Orts<\/td><td>Laura Michel<\/td><\/tr><tr><td>2019<\/td><td>Nicodemus I. D\u00fcren<\/td><td>Anna von Pape<\/td><\/tr><tr><td>2020<\/td><td>Tom I. Schmalfeldt<\/td><td>Charlotte Boecker<\/td><\/tr><tr><td>2023<\/td><td>Max III. Junchen<\/td><td>Summer Grasse<\/td><\/tr><tr><td><a href=\"https:\/\/fagk.de\/wp-content\/uploads\/2024\/01\/Kindergodesia_Rahmen.png\" target=\"_blank\" rel=\"noreferrer noopener\">2024<\/a><\/td><td>ohne Kinderprinz<\/td><td>Isabell M\u00fcller<\/td><\/tr><tr><td><a href=\"https:\/\/fagk.de\/wp-content\/uploads\/2024\/12\/Autogrammkarte_Kindertollita\ufffdten-2025-1-1.jpg\" target=\"_blank\" rel=\"noreferrer noopener\">2025<\/a><\/td><td>David II. Kl\u00e4ser<\/td><td>Lilo Sommermeyer<\/td><\/tr><tr><td><a href=\"https:\/\/fagk.de\/wp-content\/uploads\/2025\/12\/AK_Kindertollitaeten-2026_LuS-1.png\" target=\"_blank\" rel=\"noreferrer noopener\">2026<\/a><\/td><td>Marwin I. Trimborn<\/td><td>Emma Lux<\/td><\/tr><\/tbody><\/table><\/figure>\n\n\n\n<p><\/p>\n","protected":false},"excerpt":{"rendered":"<p>M\u00f6chten Sie vom amtierenden Kinderprinzenpaar w\u00e4hrend der Session besucht werden, versuchen wir das gerne zu erm\u00f6glichen. Um einen Besuch des Bad Godesberger [&hellip;]<\/p>\n","protected":false},"author":1,"featured_media":0,"parent":0,"menu_order":0,"comment_status":"closed","ping_status":"closed","template":"","meta":{"footnotes":""},"class_list":["post-139","page","type-page","status-publish","hentry"],"jetpack_sharing_enabled":true,"_links":{"self":[{"href":"https:\/\/fagk.de\/index.php?rest_route=\/wp\/v2\/pages\/139","targetHints":{"allow":["GET"]}}],"collection":[{"href":"https:\/\/fagk.de\/index.php?rest_route=\/wp\/v2\/pages"}],"about":[{"href":"https:\/\/fagk.de\/index.php?rest_route=\/wp\/v2\/types\/page"}],"author":[{"embeddable":true,"href":"https:\/\/fagk.de\/index.php?rest_route=\/wp\/v2\/users\/1"}],"replies":[{"embeddable":true,"href":"https:\/\/fagk.de\/index.php?rest_route=%2Fwp%2Fv2%2Fcomments&post=139"}],"version-history":[{"count":30,"href":"https:\/\/fagk.de\/index.php?rest_route=\/wp\/v2\/pages\/139\/revisions"}],"predecessor-version":[{"id":1326,"href":"https:\/\/fagk.de\/index.php?rest_route=\/wp\/v2\/pages\/139\/revisions\/1326"}],"wp:attachment":[{"href":"https:\/\/fagk.de\/index.php?rest_route=%2Fwp%2Fv2%2Fmedia&parent=139"}],"curies":[{"name":"wp","href":"https:\/\/api.w.org\/{rel}","templated":true}]}}