{"id":1222,"date":"2026-01-19T11:14:53","date_gmt":"2026-01-19T11:14:53","guid":{"rendered":"https:\/\/fagk.de\/?page_id=1222"},"modified":"2026-01-19T11:41:32","modified_gmt":"2026-01-19T11:41:32","slug":"uebergabe-fahrzeuge-prinzenpaar","status":"publish","type":"page","link":"https:\/\/fagk.de\/?page_id=1222","title":{"rendered":"\u00dcbergabe Fahrzeuge Prinzenpaar"},"content":{"rendered":"\n<p>Die Bilder werden von unseren Festausschuss-Fotografen zur Verf\u00fcgung gestellt.<\/p>\n\n\n\n<p>Hier bedanken wir uns ganz besonders bei Alfred Schmelzeisen.<\/p>\n\n\n\n<p><\/p>\n\n\n\n<figure class=\"wp-block-gallery has-nested-images columns-default is-cropped wp-block-gallery-1 is-layout-flex wp-block-gallery-is-layout-flex\">\n<figure data-wp-context=\"{&quot;imageId&quot;:&quot;69e7791f54a57&quot;}\" data-wp-interactive=\"core\/image\" data-wp-key=\"69e7791f54a57\" class=\"wp-block-image size-large wp-lightbox-container\"><img loading=\"lazy\" decoding=\"async\" width=\"1024\" height=\"684\" data-wp-class--hide=\"state.isContentHidden\" data-wp-class--show=\"state.isContentVisible\" data-wp-init=\"callbacks.setButtonStyles\" data-wp-on--click=\"actions.showLightbox\" data-wp-on--load=\"callbacks.setButtonStyles\" data-wp-on-window--resize=\"callbacks.setButtonStyles\" data-id=\"1224\" src=\"https:\/\/fagk.de\/wp-content\/uploads\/2026\/01\/Wagen_4-1024x684.jpg\" alt=\"\" class=\"wp-image-1224\" srcset=\"https:\/\/fagk.de\/wp-content\/uploads\/2026\/01\/Wagen_4-1024x684.jpg 1024w, https:\/\/fagk.de\/wp-content\/uploads\/2026\/01\/Wagen_4-scaled-800x534.jpg 800w, https:\/\/fagk.de\/wp-content\/uploads\/2026\/01\/Wagen_4-300x200.jpg 300w, https:\/\/fagk.de\/wp-content\/uploads\/2026\/01\/Wagen_4-768x513.jpg 768w, https:\/\/fagk.de\/wp-content\/uploads\/2026\/01\/Wagen_4-1536x1025.jpg 1536w, https:\/\/fagk.de\/wp-content\/uploads\/2026\/01\/Wagen_4-2048x1367.jpg 2048w, https:\/\/fagk.de\/wp-content\/uploads\/2026\/01\/Wagen_4-1000x668.jpg 1000w, https:\/\/fagk.de\/wp-content\/uploads\/2026\/01\/Wagen_4-230x154.jpg 230w, https:\/\/fagk.de\/wp-content\/uploads\/2026\/01\/Wagen_4-350x234.jpg 350w, https:\/\/fagk.de\/wp-content\/uploads\/2026\/01\/Wagen_4-480x320.jpg 480w\" sizes=\"auto, (max-width: 1024px) 100vw, 1024px\" \/><button\n\t\t\tclass=\"lightbox-trigger\"\n\t\t\ttype=\"button\"\n\t\t\taria-haspopup=\"dialog\"\n\t\t\taria-label=\"Vergr\u00f6\u00dfern\"\n\t\t\tdata-wp-init=\"callbacks.initTriggerButton\"\n\t\t\tdata-wp-on--click=\"actions.showLightbox\"\n\t\t\tdata-wp-style--right=\"state.imageButtonRight\"\n\t\t\tdata-wp-style--top=\"state.imageButtonTop\"\n\t\t>\n\t\t\t<svg xmlns=\"http:\/\/www.w3.org\/2000\/svg\" width=\"12\" height=\"12\" fill=\"none\" viewBox=\"0 0 12 12\">\n\t\t\t\t<path fill=\"#fff\" d=\"M2 0a2 2 0 0 0-2 2v2h1.5V2a.5.5 0 0 1 .5-.5h2V0H2Zm2 10.5H2a.5.5 0 0 1-.5-.5V8H0v2a2 2 0 0 0 2 2h2v-1.5ZM8 12v-1.5h2a.5.5 0 0 0 .5-.5V8H12v2a2 2 0 0 1-2 2H8Zm2-12a2 2 0 0 1 2 2v2h-1.5V2a.5.5 0 0 0-.5-.5H8V0h2Z\" \/>\n\t\t\t<\/svg>\n\t\t<\/button><\/figure>\n\n\n\n<figure data-wp-context=\"{&quot;imageId&quot;:&quot;69e7791f55397&quot;}\" data-wp-interactive=\"core\/image\" data-wp-key=\"69e7791f55397\" class=\"wp-block-image size-large wp-lightbox-container\"><img loading=\"lazy\" decoding=\"async\" width=\"1024\" height=\"684\" data-wp-class--hide=\"state.isContentHidden\" data-wp-class--show=\"state.isContentVisible\" data-wp-init=\"callbacks.setButtonStyles\" data-wp-on--click=\"actions.showLightbox\" data-wp-on--load=\"callbacks.setButtonStyles\" data-wp-on-window--resize=\"callbacks.setButtonStyles\" data-id=\"1223\" src=\"https:\/\/fagk.de\/wp-content\/uploads\/2026\/01\/Wagen_1-1024x684.jpg\" alt=\"\" class=\"wp-image-1223\" srcset=\"https:\/\/fagk.de\/wp-content\/uploads\/2026\/01\/Wagen_1-1024x684.jpg 1024w, https:\/\/fagk.de\/wp-content\/uploads\/2026\/01\/Wagen_1-scaled-800x534.jpg 800w, https:\/\/fagk.de\/wp-content\/uploads\/2026\/01\/Wagen_1-300x200.jpg 300w, https:\/\/fagk.de\/wp-content\/uploads\/2026\/01\/Wagen_1-768x513.jpg 768w, https:\/\/fagk.de\/wp-content\/uploads\/2026\/01\/Wagen_1-1536x1025.jpg 1536w, https:\/\/fagk.de\/wp-content\/uploads\/2026\/01\/Wagen_1-2048x1367.jpg 2048w, https:\/\/fagk.de\/wp-content\/uploads\/2026\/01\/Wagen_1-1000x668.jpg 1000w, https:\/\/fagk.de\/wp-content\/uploads\/2026\/01\/Wagen_1-230x154.jpg 230w, https:\/\/fagk.de\/wp-content\/uploads\/2026\/01\/Wagen_1-350x234.jpg 350w, https:\/\/fagk.de\/wp-content\/uploads\/2026\/01\/Wagen_1-480x320.jpg 480w\" sizes=\"auto, (max-width: 1024px) 100vw, 1024px\" \/><button\n\t\t\tclass=\"lightbox-trigger\"\n\t\t\ttype=\"button\"\n\t\t\taria-haspopup=\"dialog\"\n\t\t\taria-label=\"Vergr\u00f6\u00dfern\"\n\t\t\tdata-wp-init=\"callbacks.initTriggerButton\"\n\t\t\tdata-wp-on--click=\"actions.showLightbox\"\n\t\t\tdata-wp-style--right=\"state.imageButtonRight\"\n\t\t\tdata-wp-style--top=\"state.imageButtonTop\"\n\t\t>\n\t\t\t<svg xmlns=\"http:\/\/www.w3.org\/2000\/svg\" width=\"12\" height=\"12\" fill=\"none\" viewBox=\"0 0 12 12\">\n\t\t\t\t<path fill=\"#fff\" d=\"M2 0a2 2 0 0 0-2 2v2h1.5V2a.5.5 0 0 1 .5-.5h2V0H2Zm2 10.5H2a.5.5 0 0 1-.5-.5V8H0v2a2 2 0 0 0 2 2h2v-1.5ZM8 12v-1.5h2a.5.5 0 0 0 .5-.5V8H12v2a2 2 0 0 1-2 2H8Zm2-12a2 2 0 0 1 2 2v2h-1.5V2a.5.5 0 0 0-.5-.5H8V0h2Z\" \/>\n\t\t\t<\/svg>\n\t\t<\/button><\/figure>\n\n\n\n<figure data-wp-context=\"{&quot;imageId&quot;:&quot;69e7791f55b15&quot;}\" data-wp-interactive=\"core\/image\" data-wp-key=\"69e7791f55b15\" class=\"wp-block-image size-large wp-lightbox-container\"><img loading=\"lazy\" decoding=\"async\" width=\"1024\" height=\"684\" data-wp-class--hide=\"state.isContentHidden\" data-wp-class--show=\"state.isContentVisible\" data-wp-init=\"callbacks.setButtonStyles\" data-wp-on--click=\"actions.showLightbox\" data-wp-on--load=\"callbacks.setButtonStyles\" data-wp-on-window--resize=\"callbacks.setButtonStyles\" data-id=\"1225\" src=\"https:\/\/fagk.de\/wp-content\/uploads\/2026\/01\/Wagen_8-1024x684.jpg\" alt=\"\" class=\"wp-image-1225\" srcset=\"https:\/\/fagk.de\/wp-content\/uploads\/2026\/01\/Wagen_8-1024x684.jpg 1024w, https:\/\/fagk.de\/wp-content\/uploads\/2026\/01\/Wagen_8-scaled-800x534.jpg 800w, https:\/\/fagk.de\/wp-content\/uploads\/2026\/01\/Wagen_8-300x200.jpg 300w, https:\/\/fagk.de\/wp-content\/uploads\/2026\/01\/Wagen_8-768x513.jpg 768w, https:\/\/fagk.de\/wp-content\/uploads\/2026\/01\/Wagen_8-1536x1025.jpg 1536w, https:\/\/fagk.de\/wp-content\/uploads\/2026\/01\/Wagen_8-2048x1367.jpg 2048w, https:\/\/fagk.de\/wp-content\/uploads\/2026\/01\/Wagen_8-1000x668.jpg 1000w, https:\/\/fagk.de\/wp-content\/uploads\/2026\/01\/Wagen_8-230x154.jpg 230w, https:\/\/fagk.de\/wp-content\/uploads\/2026\/01\/Wagen_8-350x234.jpg 350w, https:\/\/fagk.de\/wp-content\/uploads\/2026\/01\/Wagen_8-480x320.jpg 480w\" sizes=\"auto, (max-width: 1024px) 100vw, 1024px\" \/><button\n\t\t\tclass=\"lightbox-trigger\"\n\t\t\ttype=\"button\"\n\t\t\taria-haspopup=\"dialog\"\n\t\t\taria-label=\"Vergr\u00f6\u00dfern\"\n\t\t\tdata-wp-init=\"callbacks.initTriggerButton\"\n\t\t\tdata-wp-on--click=\"actions.showLightbox\"\n\t\t\tdata-wp-style--right=\"state.imageButtonRight\"\n\t\t\tdata-wp-style--top=\"state.imageButtonTop\"\n\t\t>\n\t\t\t<svg xmlns=\"http:\/\/www.w3.org\/2000\/svg\" width=\"12\" height=\"12\" fill=\"none\" viewBox=\"0 0 12 12\">\n\t\t\t\t<path fill=\"#fff\" d=\"M2 0a2 2 0 0 0-2 2v2h1.5V2a.5.5 0 0 1 .5-.5h2V0H2Zm2 10.5H2a.5.5 0 0 1-.5-.5V8H0v2a2 2 0 0 0 2 2h2v-1.5ZM8 12v-1.5h2a.5.5 0 0 0 .5-.5V8H12v2a2 2 0 0 1-2 2H8Zm2-12a2 2 0 0 1 2 2v2h-1.5V2a.5.5 0 0 0-.5-.5H8V0h2Z\" \/>\n\t\t\t<\/svg>\n\t\t<\/button><\/figure>\n\n\n\n<figure data-wp-context=\"{&quot;imageId&quot;:&quot;69e7791f56247&quot;}\" data-wp-interactive=\"core\/image\" data-wp-key=\"69e7791f56247\" class=\"wp-block-image size-large wp-lightbox-container\"><img loading=\"lazy\" decoding=\"async\" width=\"1024\" height=\"684\" data-wp-class--hide=\"state.isContentHidden\" data-wp-class--show=\"state.isContentVisible\" data-wp-init=\"callbacks.setButtonStyles\" data-wp-on--click=\"actions.showLightbox\" data-wp-on--load=\"callbacks.setButtonStyles\" data-wp-on-window--resize=\"callbacks.setButtonStyles\" data-id=\"1226\" src=\"https:\/\/fagk.de\/wp-content\/uploads\/2026\/01\/Wagen_7-1024x684.jpg\" alt=\"\" class=\"wp-image-1226\" srcset=\"https:\/\/fagk.de\/wp-content\/uploads\/2026\/01\/Wagen_7-1024x684.jpg 1024w, https:\/\/fagk.de\/wp-content\/uploads\/2026\/01\/Wagen_7-scaled-800x534.jpg 800w, https:\/\/fagk.de\/wp-content\/uploads\/2026\/01\/Wagen_7-300x200.jpg 300w, https:\/\/fagk.de\/wp-content\/uploads\/2026\/01\/Wagen_7-768x513.jpg 768w, https:\/\/fagk.de\/wp-content\/uploads\/2026\/01\/Wagen_7-1536x1025.jpg 1536w, https:\/\/fagk.de\/wp-content\/uploads\/2026\/01\/Wagen_7-2048x1367.jpg 2048w, https:\/\/fagk.de\/wp-content\/uploads\/2026\/01\/Wagen_7-1000x668.jpg 1000w, https:\/\/fagk.de\/wp-content\/uploads\/2026\/01\/Wagen_7-230x154.jpg 230w, https:\/\/fagk.de\/wp-content\/uploads\/2026\/01\/Wagen_7-350x234.jpg 350w, https:\/\/fagk.de\/wp-content\/uploads\/2026\/01\/Wagen_7-480x320.jpg 480w\" sizes=\"auto, (max-width: 1024px) 100vw, 1024px\" \/><button\n\t\t\tclass=\"lightbox-trigger\"\n\t\t\ttype=\"button\"\n\t\t\taria-haspopup=\"dialog\"\n\t\t\taria-label=\"Vergr\u00f6\u00dfern\"\n\t\t\tdata-wp-init=\"callbacks.initTriggerButton\"\n\t\t\tdata-wp-on--click=\"actions.showLightbox\"\n\t\t\tdata-wp-style--right=\"state.imageButtonRight\"\n\t\t\tdata-wp-style--top=\"state.imageButtonTop\"\n\t\t>\n\t\t\t<svg xmlns=\"http:\/\/www.w3.org\/2000\/svg\" width=\"12\" height=\"12\" fill=\"none\" viewBox=\"0 0 12 12\">\n\t\t\t\t<path fill=\"#fff\" d=\"M2 0a2 2 0 0 0-2 2v2h1.5V2a.5.5 0 0 1 .5-.5h2V0H2Zm2 10.5H2a.5.5 0 0 1-.5-.5V8H0v2a2 2 0 0 0 2 2h2v-1.5ZM8 12v-1.5h2a.5.5 0 0 0 .5-.5V8H12v2a2 2 0 0 1-2 2H8Zm2-12a2 2 0 0 1 2 2v2h-1.5V2a.5.5 0 0 0-.5-.5H8V0h2Z\" \/>\n\t\t\t<\/svg>\n\t\t<\/button><\/figure>\n\n\n\n<figure data-wp-context=\"{&quot;imageId&quot;:&quot;69e7791f56923&quot;}\" data-wp-interactive=\"core\/image\" data-wp-key=\"69e7791f56923\" class=\"wp-block-image size-large wp-lightbox-container\"><img loading=\"lazy\" decoding=\"async\" width=\"1024\" height=\"683\" data-wp-class--hide=\"state.isContentHidden\" data-wp-class--show=\"state.isContentVisible\" data-wp-init=\"callbacks.setButtonStyles\" data-wp-on--click=\"actions.showLightbox\" data-wp-on--load=\"callbacks.setButtonStyles\" data-wp-on-window--resize=\"callbacks.setButtonStyles\" data-id=\"1241\" src=\"https:\/\/fagk.de\/wp-content\/uploads\/2026\/01\/WhatsApp-Image-2026-01-08-at-15.39.01-1-1024x683.jpeg\" alt=\"\" class=\"wp-image-1241\" srcset=\"https:\/\/fagk.de\/wp-content\/uploads\/2026\/01\/WhatsApp-Image-2026-01-08-at-15.39.01-1-1024x683.jpeg 1024w, https:\/\/fagk.de\/wp-content\/uploads\/2026\/01\/WhatsApp-Image-2026-01-08-at-15.39.01-1-800x533.jpeg 800w, https:\/\/fagk.de\/wp-content\/uploads\/2026\/01\/WhatsApp-Image-2026-01-08-at-15.39.01-1-300x200.jpeg 300w, https:\/\/fagk.de\/wp-content\/uploads\/2026\/01\/WhatsApp-Image-2026-01-08-at-15.39.01-1-768x512.jpeg 768w, https:\/\/fagk.de\/wp-content\/uploads\/2026\/01\/WhatsApp-Image-2026-01-08-at-15.39.01-1-1000x667.jpeg 1000w, https:\/\/fagk.de\/wp-content\/uploads\/2026\/01\/WhatsApp-Image-2026-01-08-at-15.39.01-1-230x153.jpeg 230w, https:\/\/fagk.de\/wp-content\/uploads\/2026\/01\/WhatsApp-Image-2026-01-08-at-15.39.01-1-350x233.jpeg 350w, https:\/\/fagk.de\/wp-content\/uploads\/2026\/01\/WhatsApp-Image-2026-01-08-at-15.39.01-1-480x320.jpeg 480w, https:\/\/fagk.de\/wp-content\/uploads\/2026\/01\/WhatsApp-Image-2026-01-08-at-15.39.01-1.jpeg 1500w\" sizes=\"auto, (max-width: 1024px) 100vw, 1024px\" \/><button\n\t\t\tclass=\"lightbox-trigger\"\n\t\t\ttype=\"button\"\n\t\t\taria-haspopup=\"dialog\"\n\t\t\taria-label=\"Vergr\u00f6\u00dfern\"\n\t\t\tdata-wp-init=\"callbacks.initTriggerButton\"\n\t\t\tdata-wp-on--click=\"actions.showLightbox\"\n\t\t\tdata-wp-style--right=\"state.imageButtonRight\"\n\t\t\tdata-wp-style--top=\"state.imageButtonTop\"\n\t\t>\n\t\t\t<svg xmlns=\"http:\/\/www.w3.org\/2000\/svg\" width=\"12\" height=\"12\" fill=\"none\" viewBox=\"0 0 12 12\">\n\t\t\t\t<path fill=\"#fff\" d=\"M2 0a2 2 0 0 0-2 2v2h1.5V2a.5.5 0 0 1 .5-.5h2V0H2Zm2 10.5H2a.5.5 0 0 1-.5-.5V8H0v2a2 2 0 0 0 2 2h2v-1.5ZM8 12v-1.5h2a.5.5 0 0 0 .5-.5V8H12v2a2 2 0 0 1-2 2H8Zm2-12a2 2 0 0 1 2 2v2h-1.5V2a.5.5 0 0 0-.5-.5H8V0h2Z\" \/>\n\t\t\t<\/svg>\n\t\t<\/button><\/figure>\n\n\n\n<figure data-wp-context=\"{&quot;imageId&quot;:&quot;69e7791f57175&quot;}\" data-wp-interactive=\"core\/image\" data-wp-key=\"69e7791f57175\" class=\"wp-block-image size-large wp-lightbox-container\"><img loading=\"lazy\" decoding=\"async\" width=\"1024\" height=\"768\" data-wp-class--hide=\"state.isContentHidden\" data-wp-class--show=\"state.isContentVisible\" data-wp-init=\"callbacks.setButtonStyles\" data-wp-on--click=\"actions.showLightbox\" data-wp-on--load=\"callbacks.setButtonStyles\" data-wp-on-window--resize=\"callbacks.setButtonStyles\" data-id=\"1242\" src=\"https:\/\/fagk.de\/wp-content\/uploads\/2026\/01\/WhatsApp-Image-2026-01-08-at-15.39.01-1024x768.jpeg\" alt=\"\" class=\"wp-image-1242\" srcset=\"https:\/\/fagk.de\/wp-content\/uploads\/2026\/01\/WhatsApp-Image-2026-01-08-at-15.39.01-1024x768.jpeg 1024w, https:\/\/fagk.de\/wp-content\/uploads\/2026\/01\/WhatsApp-Image-2026-01-08-at-15.39.01-800x600.jpeg 800w, https:\/\/fagk.de\/wp-content\/uploads\/2026\/01\/WhatsApp-Image-2026-01-08-at-15.39.01-300x225.jpeg 300w, https:\/\/fagk.de\/wp-content\/uploads\/2026\/01\/WhatsApp-Image-2026-01-08-at-15.39.01-768x576.jpeg 768w, https:\/\/fagk.de\/wp-content\/uploads\/2026\/01\/WhatsApp-Image-2026-01-08-at-15.39.01-1000x750.jpeg 1000w, https:\/\/fagk.de\/wp-content\/uploads\/2026\/01\/WhatsApp-Image-2026-01-08-at-15.39.01-230x173.jpeg 230w, https:\/\/fagk.de\/wp-content\/uploads\/2026\/01\/WhatsApp-Image-2026-01-08-at-15.39.01-350x263.jpeg 350w, https:\/\/fagk.de\/wp-content\/uploads\/2026\/01\/WhatsApp-Image-2026-01-08-at-15.39.01-480x360.jpeg 480w, https:\/\/fagk.de\/wp-content\/uploads\/2026\/01\/WhatsApp-Image-2026-01-08-at-15.39.01.jpeg 1500w\" sizes=\"auto, (max-width: 1024px) 100vw, 1024px\" \/><button\n\t\t\tclass=\"lightbox-trigger\"\n\t\t\ttype=\"button\"\n\t\t\taria-haspopup=\"dialog\"\n\t\t\taria-label=\"Vergr\u00f6\u00dfern\"\n\t\t\tdata-wp-init=\"callbacks.initTriggerButton\"\n\t\t\tdata-wp-on--click=\"actions.showLightbox\"\n\t\t\tdata-wp-style--right=\"state.imageButtonRight\"\n\t\t\tdata-wp-style--top=\"state.imageButtonTop\"\n\t\t>\n\t\t\t<svg xmlns=\"http:\/\/www.w3.org\/2000\/svg\" width=\"12\" height=\"12\" fill=\"none\" viewBox=\"0 0 12 12\">\n\t\t\t\t<path fill=\"#fff\" d=\"M2 0a2 2 0 0 0-2 2v2h1.5V2a.5.5 0 0 1 .5-.5h2V0H2Zm2 10.5H2a.5.5 0 0 1-.5-.5V8H0v2a2 2 0 0 0 2 2h2v-1.5ZM8 12v-1.5h2a.5.5 0 0 0 .5-.5V8H12v2a2 2 0 0 1-2 2H8Zm2-12a2 2 0 0 1 2 2v2h-1.5V2a.5.5 0 0 0-.5-.5H8V0h2Z\" \/>\n\t\t\t<\/svg>\n\t\t<\/button><\/figure>\n<\/figure>\n\n\n\n<p>F\u00fcr die tatkr\u00e4ftige Unterst\u00fctzung bedanken wir uns recht herzlich bei den unten genannten Autoh\u00e4usern sowie Regina Maichle von <a href=\"https:\/\/www.gim-bonn.de\/\" target=\"_blank\" rel=\"noreferrer noopener\">GIM Bad Godesberger Internat Maichle<\/a>.<\/p>\n\n\n\n<figure class=\"wp-block-image size-full\"><a href=\"https:\/\/www.rkg.de\/rkg-standorte\/rkg-mercedes-benz-bad-godesberg\" target=\"_blank\" rel=\" noreferrer noopener\"><img loading=\"lazy\" decoding=\"async\" width=\"140\" height=\"56\" src=\"https:\/\/fagk.de\/wp-content\/uploads\/2026\/01\/rkg-gruppe-logo-2.png\" alt=\"\" class=\"wp-image-1229\"\/><\/a><\/figure>\n\n\n\n<figure class=\"wp-block-image size-full\"><a href=\"https:\/\/www.arg.de\/\" target=\"_blank\" rel=\" noreferrer noopener\"><img loading=\"lazy\" decoding=\"async\" width=\"158\" height=\"46\" src=\"https:\/\/fagk.de\/wp-content\/uploads\/2026\/01\/Arg_rot_transparent-Kopie.png\" alt=\"\" class=\"wp-image-1235\"\/><\/a><\/figure>\n\n\n\n<p><\/p>\n","protected":false},"excerpt":{"rendered":"<p>Die Bilder werden von unseren Festausschuss-Fotografen zur Verf\u00fcgung gestellt. Hier bedanken wir uns ganz besonders bei Alfred Schmelzeisen. F\u00fcr die tatkr\u00e4ftige Unterst\u00fctzung [&hellip;]<\/p>\n","protected":false},"author":1,"featured_media":0,"parent":0,"menu_order":0,"comment_status":"closed","ping_status":"closed","template":"","meta":{"footnotes":""},"class_list":["post-1222","page","type-page","status-publish","hentry"],"jetpack_sharing_enabled":true,"_links":{"self":[{"href":"https:\/\/fagk.de\/index.php?rest_route=\/wp\/v2\/pages\/1222","targetHints":{"allow":["GET"]}}],"collection":[{"href":"https:\/\/fagk.de\/index.php?rest_route=\/wp\/v2\/pages"}],"about":[{"href":"https:\/\/fagk.de\/index.php?rest_route=\/wp\/v2\/types\/page"}],"author":[{"embeddable":true,"href":"https:\/\/fagk.de\/index.php?rest_route=\/wp\/v2\/users\/1"}],"replies":[{"embeddable":true,"href":"https:\/\/fagk.de\/index.php?rest_route=%2Fwp%2Fv2%2Fcomments&post=1222"}],"version-history":[{"count":4,"href":"https:\/\/fagk.de\/index.php?rest_route=\/wp\/v2\/pages\/1222\/revisions"}],"predecessor-version":[{"id":1246,"href":"https:\/\/fagk.de\/index.php?rest_route=\/wp\/v2\/pages\/1222\/revisions\/1246"}],"wp:attachment":[{"href":"https:\/\/fagk.de\/index.php?rest_route=%2Fwp%2Fv2%2Fmedia&parent=1222"}],"curies":[{"name":"wp","href":"https:\/\/api.w.org\/{rel}","templated":true}]}}